{"id":695,"date":"2022-07-07T12:37:01","date_gmt":"2022-07-07T15:37:01","guid":{"rendered":"https:\/\/same.med.br\/?page_id=695"},"modified":"2022-07-13T16:21:54","modified_gmt":"2022-07-13T19:21:54","slug":"servicos-2-2-2-3","status":"publish","type":"page","link":"https:\/\/same.med.br\/index.php\/servicos-2-2-2-3\/","title":{"rendered":"Atendimento in-company"},"content":{"rendered":"<style>\/*! elementor - v3.6.7 - 03-07-2022 *\/\n.elementor-widget-image{text-align:center}.elementor-widget-image a{display:inline-block}.elementor-widget-image a img[src$=\".svg\"]{width:48px}.elementor-widget-image img{vertical-align:middle;display:inline-block}<\/style>\n<p>\t\t\t\t\t\t\t\t\t\t\t\t<img decoding=\"async\" width=\"350\" height=\"144\" src=\"http:\/\/same.med.br\/wp-content\/uploads\/2022\/05\/SAme.png\" alt=\"\" loading=\"lazy\" srcset=\"https:\/\/same.med.br\/wp-content\/uploads\/2022\/05\/SAme.png 350w, https:\/\/same.med.br\/wp-content\/uploads\/2022\/05\/SAme-300x123.png 300w\" sizes=\"auto, (max-width: 350px) 100vw, 350px\" \/>\t\t\t\t\t\t\t\t\t\t\t\t\t\t\t<\/p>\n<style>\/*! elementor - v3.6.7 - 03-07-2022 *\/\n.e-container.e-container--row .elementor-spacer-inner{width:var(--spacer-size)}.e-container.e-container--column .elementor-spacer-inner,.elementor-column .elementor-spacer-inner{height:var(--spacer-size)}<\/style>\n<p>\t\t\t<a href=\"#\" role=\"button\"><br \/>\n\t\t\t\t\t\tPortal<br \/>\n\t\t\t\t\t<\/a><br \/>\n\t\t\t<a href=\"#\" role=\"button\"><br \/>\n\t\t\t\t\t\tPortal<br \/>\n\t\t\t\t\t<\/a><\/p>\n<style>\/*! elementor - v3.6.7 - 03-07-2022 *\/\n.elementor-heading-title{padding:0;margin:0;line-height:1}.elementor-widget-heading .elementor-heading-title[class*=elementor-size-]>a{color:inherit;font-size:inherit;line-height:inherit}.elementor-widget-heading .elementor-heading-title.elementor-size-small{font-size:15px}.elementor-widget-heading .elementor-heading-title.elementor-size-medium{font-size:19px}.elementor-widget-heading .elementor-heading-title.elementor-size-large{font-size:29px}.elementor-widget-heading .elementor-heading-title.elementor-size-xl{font-size:39px}.elementor-widget-heading .elementor-heading-title.elementor-size-xxl{font-size:59px}<\/style>\n<h2>Atendimento in-company<\/h2>\n<p>Parceria com a MedTruck, medicina ocupacional levada at\u00e9 voc\u00ea, um caminh\u00e3o preparado especificamente para atender todos os exames ocupacionais na sua empresa.<\/p>\n<p>\t\t\t\t\t\t\t\t\t\t\t\t\t\t\t<img decoding=\"async\" width=\"780\" height=\"441\" src=\"http:\/\/same.med.br\/wp-content\/uploads\/2022\/07\/WhatsApp-Image-2022-07-13-at-13.40.12-1.jpeg\" alt=\"\" loading=\"lazy\" srcset=\"https:\/\/same.med.br\/wp-content\/uploads\/2022\/07\/WhatsApp-Image-2022-07-13-at-13.40.12-1.jpeg 780w, https:\/\/same.med.br\/wp-content\/uploads\/2022\/07\/WhatsApp-Image-2022-07-13-at-13.40.12-1-300x170.jpeg 300w, https:\/\/same.med.br\/wp-content\/uploads\/2022\/07\/WhatsApp-Image-2022-07-13-at-13.40.12-1-768x434.jpeg 768w\" sizes=\"auto, (max-width: 780px) 100vw, 780px\" \/><\/p>\n","protected":false},"excerpt":{"rendered":"<p>Portal Portal Atendimento in-company Parceria com a MedTruck, medicina ocupacional levada at\u00e9 voc\u00ea, um caminh\u00e3o preparado especificamente para atender todos os exames ocupacionais na sua empresa.<\/p>\n","protected":false},"author":1,"featured_media":0,"parent":0,"menu_order":0,"comment_status":"closed","ping_status":"closed","template":"","meta":{"footnotes":""},"class_list":["post-695","page","type-page","status-publish","hentry","entry"],"_links":{"self":[{"href":"https:\/\/same.med.br\/index.php\/wp-json\/wp\/v2\/pages\/695","targetHints":{"allow":["GET"]}}],"collection":[{"href":"https:\/\/same.med.br\/index.php\/wp-json\/wp\/v2\/pages"}],"about":[{"href":"https:\/\/same.med.br\/index.php\/wp-json\/wp\/v2\/types\/page"}],"author":[{"embeddable":true,"href":"https:\/\/same.med.br\/index.php\/wp-json\/wp\/v2\/users\/1"}],"replies":[{"embeddable":true,"href":"https:\/\/same.med.br\/index.php\/wp-json\/wp\/v2\/comments?post=695"}],"version-history":[{"count":13,"href":"https:\/\/same.med.br\/index.php\/wp-json\/wp\/v2\/pages\/695\/revisions"}],"predecessor-version":[{"id":872,"href":"https:\/\/same.med.br\/index.php\/wp-json\/wp\/v2\/pages\/695\/revisions\/872"}],"wp:attachment":[{"href":"https:\/\/same.med.br\/index.php\/wp-json\/wp\/v2\/media?parent=695"}],"curies":[{"name":"wp","href":"https:\/\/api.w.org\/{rel}","templated":true}]}}